7 and 3?
3
Calculate the highest common factor of 100161 and 558.
279
What is the highest common factor of 2933932 and 452?
452
What is the highest common divisor of 54 and 1206?
18
Calculate the greatest common divisor of 2432403 and 27.
27
What is the highest common divisor of 114091 and 1355?
271
What is the greatest common divisor of 28224 and 15912?
72
Calculate the greatest common factor of 58863 and 42.
21
What is the highest common divisor of 18204 and 5772?
444
What is the highest common divisor of 22 and 104731?
11
What is the greatest common factor of 26 and 170144?
26
Calculate the highest common divisor of 952 and 3604.
68
Calculate the greatest common factor of 4 and 82376.
4
What is the highest common divisor of 14690 and 184190?
1130
What is the highest common divisor of 5070 and 18720?
390
What is the highest common factor of 11435772 and 12?
12
Calculate the highest common factor of 5985 and 441.
63
What is the greatest common divisor of 902 and 14842?
82
What is the greatest common factor of 378 and 2772?
126
Calculate the greatest common factor of 58360 and 392.
8
Calculate the highest common divisor of 41 and 3465320.
41
Calculate the greatest common factor of 303 and 303.
303
Calculate the highest common divisor of 2369 and 32384.
23
What is the highest common divisor of 380 and 15220?
20
What is the greatest common divisor of 168416 and 1862?
38
Calculate the greatest common factor of 34387 and 6777.
251
What is the highest common divisor of 278 and 711124?
278
Calculate the greatest common factor of 1066076 and 11.
11
What is the highest common factor of 1102 and 1349?
19
Calculate the greatest common factor of 429 and 925639.
143
Calculate the greatest common factor of 60639 and 3451.
493
Calculate the greatest common factor of 26240 and 1472.
64
What is the highest common divisor of 160 and 15920?
80
What is the highest common divisor of 4191 and 38481?
381
What is the greatest common factor of 1705 and 13772?
11
Calculate the highest common factor of 2 and 19658.
2
What is the highest common divisor of 198 and 153846?
198
Calculate the greatest common factor of 124 and 1762846.
62
What is the greatest common factor of 210 and 3755955?
105
What is the greatest common factor of 4028 and 11932?
76
What is the highest common factor of 587 and 17?
1
Calculate the highest common divisor of 52 and 97396.
52
Calculate the greatest common factor of 124 and 16399.
31
What is the highest common factor of 745 and 22335?
5
Calculate the highest common divisor of 357 and 13328.
119
Calculate the highest common divisor of 562 and 4561192.
562
Calculate the highest common factor of 30 and 14034.
6
What is the greatest common divisor of 100 and 104550?
50
What is the greatest common factor of 72 and 23751?
9
What is the greatest common factor of 37 and 2?
1
What is the highest common divisor of 40854 and 132?
66
What is the highest common divisor of 1717 and 6617318?
1717
What is the highest common divisor of 3672 and 43344?
72
What is the highest common divisor of 20 and 8105780?
20
Calculate the greatest common factor of 5358863 and 334.
167
What is the highest common divisor of 529171 and 649?
59
What is the greatest common factor of 2115 and 4365?
45
What is the highest common factor of 138 and 388539?
69
What is the greatest common divisor of 56032 and 618?
206
Calculate the greatest common divisor of 114 and 48716.
38
What is the highest common divisor of 639 and 44872?
71
What is the greatest common divisor of 36719 and 97582?
503
Calculate the highest common divisor of 492126 and 30.
6
Calculate the highest common factor of 7190328 and 262.
262
Calculate the highest common divisor of 627 and 16720.
209
What is the greatest common factor of 1536040 and 40?
40
What is the greatest common divisor of 30657 and 99?
33
Calculate the highest common divisor of 46 and 114.
2
What is the highest common factor of 358 and 1389935?
179
What is the highest common divisor of 12 and 7364568?
12
Calculate the highest common divisor of 12754 and 4555.
911
Calculate the greatest common divisor of 1860 and 4280.
20
Calculate the greatest common divisor of 4284 and 51204.
204
What is the highest common factor of 6925 and 55?
5
What is the highest common divisor of 37040 and 32?
16
What is the highest common divisor of 147 and 24780?
21
Calculate the greatest common divisor of 18660 and 1380.
60
Calculate the greatest common factor of 6840 and 70376.
152
Calculate the highest common divisor of 4658188 and 1412.
1412
Calculate the greatest common divisor of 11792 and 112.
16
What is the greatest common factor of 22 and 337898?
22
Calculate the highest common divisor of 60 and 529140.
60
Calculate the highest common factor of 74 and 15133.
37
What is the highest common divisor of 14 and 81396?
14
Calculate the highest common divisor of 36461 and 361.
361
What is the greatest common divisor of 3333 and 495?
33
Calculate the greatest common divisor of 116800 and 960.
320
What is the highest common factor of 114873 and 4818?
33
Calculate the highest common factor of 51934 and 44031.
1129
What is the highest common divisor of 1023 and 42873?
93
Calculate the greatest common factor of 66773 and 21.
7
Calculate the greatest common divisor of 260 and 1120500.
20
What is the highest common factor of 1770 and 64015?
295
What is the highest common factor of 3230 and 95000?
190
What is the greatest common divisor of 76287 and 177?
177
What is the greatest common divisor of 2013 and 27267?
183
Calculate the greatest common divisor of 161861 and 133.
133
What is the highest common divisor of 1804 and 1408?
44
What is the greatest common factor of 496 and 2990136?
248
Calculate the highest common divisor of 13 and 7805291.
13
What is the highest common divisor of 627 and 5280?
33
What is the greatest common factor of 76970 and 2150?
430
Calculate the greatest common factor of 622570 and 130.
130
Calculate the highest common factor of 182 and 2503774.
182
What is the highest common factor of 15250 and 11590?
610
What is the greatest common divisor of 369 and 12095?
41
Calculate the highest common factor of 16464 and 64848.
336
Calculate the highest common divisor of 10 and 1294.
2
What is the greatest common divisor of 729 and 8530029?
729
Calculate the highest common factor of 16543 and 2563.
233
What is the highest common divisor of 4 and 151128?
4
Calculate the highest common factor of 247874 and 29057.
593
What is the greatest common divisor of 96 and 122376?
24
Calculate the highest common factor of 7370 and 111287.
737
Calculate the highest common divisor of 38918 and 5423.
319
Calculate the greatest common divisor of 494 and 11024.
26
What is the greatest common divisor of 43656 and 20247?
51
What is the greatest common divisor of 105 and 275205?
105
What is the greatest common factor of 166753 and 15002?
577
What is the greatest common divisor of 145 and 162487?
29
Calculate the greatest common divisor of 3886 and 122409.
1943
What is the highest common factor of 24 and 334428?
12
What is the greatest common factor of 132612 and 31868?
1028
What is the greatest common divisor of 771943 and 101?
101
What is the highest common factor of 27184 and 48?
16
Calculate the greatest common divisor of 10176 and 29097.
159
Calculate the highest common factor of 240651 and 81.
81
Calculate the highest common factor of 126825 and 1675.
25
What is the highest common factor of 8506129 and 2014?
1007
What is the greatest common divisor of 27118 and 19110?
182
What is the greatest common factor of 288 and 364500?
36
Calculate the highest common factor of 38130 and 1302.
186
What is the highest common divisor of 183 and 1037?
61
Calculate the greatest common factor of 1188 and 1936.
44
Calculate the greatest common factor of 1 and 29387.
1
What is the greatest common divisor of 7543 and 76?
19
What is the greatest common divisor of 363 and 8833?
121
Calculate the greatest common factor of 14 and 601706.
14
Calculate the greatest common factor of 11349 and 143.
13
What is the greatest common divisor of 185648 and 9840?
656
Calculate the highest common factor of 4260 and 420.
60
Calculate the highest common divisor of 6292 and 4290.
286
What is the highest common factor 